+ 2111 = -1750, -3867 = -5*p - 2*o. What is the hundreds digit of -1 + p + 54/9 + -4?
7
Suppose 3*q = -2*g - 7, 2*q - 11 = -4*g - 5. Suppose -290 = -h - b, g*h = 3*h - 3*b + 288. What is the hundreds digit of h?
2
Let r = 197 + -211. Let g(f) = f**3 + 16*f**2 + 15*f - 20. What is the units digit of g(r)?
2
Let j be 72/(-20)*65/(-39). Let r(z) = z**3 - 4*z**2 - z + 8. What is the units digit of r(j)?
4
Let r(m) = -m**2 + 20*m - 3. Let h be r(3). Suppose 0 = -2*y + 7*y + 275. Let u = h - y. What is the tens digit of u?
0
Let k be 12/5 + (-15)/(-25) + -1. Suppose -m - 885 = -k*v - 3*v, -2*m + 531 = 3*v. What is the hundreds digit of v?
1
Let b(q) = -8*q**2 - 5*q + 2. Let l(k) = 17*k**2 + 9*k - 4. Let g(d) = -13*b(d) - 6*l(d). Let p be g(-10). Let o = -63 + p. What is the tens digit of o?
2
Suppose 1477*h + 1481*h - 1841700 = 2928*h. What is the hundreds digit of h?
3
Let a(r) = 9*r**3 + 3*r - 8. Let w(g) = -21*g + 27. Let f be w(-4). Let c = f - 108. What is the hundreds digit of a(c)?
2
Suppose -23*f - n - 20422 = -26*f, -6803 = -f - 4*n. What is the tens digit of f?
0
Suppose 0 = 39*d - 1663805 - 1157455. What is the hundreds digit of d?
3
Let m = -2242 + 2252. Let r be ((-2)/(-4))/(1/12). What is the units digit of (r/5)/(m/475)?
7
Let m(y) = 2*y + 8. Let j be m(-3). Suppose 2*z - 4*d = -j*d - 138, -d - 369 = 5*z. Let q = 128 + z. What is the units digit of q?
5
Let k(i) = 8*i - 116. Let d be k(15). Suppose -4*j - 5*q = -1439, -2*j + d*q = q - 725. What is the hundreds digit of j?
3
Let w(g) = 856*g - 10*g + 0 - 80*g + 7. What is the hundreds digit of w(1)?
7
Suppose 4*t - 35 + 35 = 0. Suppose t = 6*o - 7130 - 1990. What is the units digit of o?
0
Let r(i) = -7*i + 48. Let s be r(0). Suppose -111424 + 19264 = -s*h. What is the thousands digit of h?
1
Suppose -257 = 18*w - 19*w. Suppose -s + k - 261 = 4*k, s = -5*k - w. Let r = s - -394. What is the hundreds digit of r?
1
Let y = 33 + -31. Suppose 2*l - 7*l = -4*j + 340, 4*l - 170 = -y*j. Suppose j = g - 3. What is the units digit of g?
8
Suppose 12*l - 33434 = 28462. What is the hundreds digit of l?
1
Let j(y) = y**2 - 4*y. Let z(r) = r - 6. Let p be z(8). Let b be (-2)/(p/(-1)) - 32/(-8). What is the units digit of j(b)?
5
Suppose 63*k = 67*k - 4*t - 106312, 4*t = 0. What is the tens digit of k?
7
Let d = -8579 + 9233. What is the tens digit of d?
5
Suppose 0 = 579*r - 581*r. Suppose -31*g + 32*g - 3*h - 506 = r, -2*g + 5*h + 1007 = 0. What is the tens digit of g?
9
Let k be ((20/6)/(-1))/((-14)/21). Suppose 0 = k*o - 5*f - 775, -f = 2*o - 230 - 95. What is the hundreds digit of o?
1
Suppose -4*u = -2*u - 3*d + 3, -2*u + 2*d = 2. Suppose -5*r = 3*z + 77, 4*r + 44 + u = 2*z. Let y(v) = -v**2 - 14*v + 7. What is the units digit of y(r)?
0
Suppose 11*f - 7*f - z = -1558, 5*f + z = -1943. Let c = f - -498. What is the units digit of c?
9
Let w = 6 - -4. Suppose -h + 7*o - 8 = 5*o, -3*h + 11 = o. Suppose -134 + w = -h*g. What is the units digit of g?
2
Let k(m) = -3727*m - 1948. What is the units digit of k(-5)?
7
Let q(m) = 2*m**3 + 22*m**2 - 213*m - 248. What is the tens digit of q(25)?
2
Let s be ((-1)/(-6))/((-3)/(-27))*4. Suppose -s*l + 13*l = 5*l. Suppose l = 3*w, v - 5*v - 3*w = -360. What is the units digit of v?
0
Suppose -18 = -12*l + 42. Suppose -3*p + p - 588 = -2*b, -l*p = 4*b - 1185. What is the hundreds digit of b?
2
Let s(q) = -34*q**3 + 13*q**2 + 76*q + 235. What is the hundreds digit of s(-5)?
4
Let l(z) = -3*z**3 - 5*z**2 - 18*z - 64. Let m be l(-7). What is the units digit of 6*(-4)/4 + m?
0
Suppose -935*b + 4*q = -932*b - 13119, 5*b = 2*q + 21837. What is the tens digit of b?
6
Let b(c) = c**2 + 31*c + 38. Let i be b(-34). Suppose 2*v - i = 2*d, 2*d + 64 = v - 2*d. What is the units digit of v?
2
Let z = 43 - 50. Let v(r) = -r**3 - 6*r**2 + 7*r + 4. Let c be v(z). What is the tens digit of (-1724)/(-20) + (-6 + c)/10?
8
Let g = -76 + 194. Let n = 790 - g. What is the units digit of n?
2
Suppose 5*r = 4*t + 890, -178 = -r + 10*t - 8*t. What is the units digit of r?
8
Let j(p) = p**3 + p - 6. Let x be j(0). Let z be 6/(-21) + x/(-21). Suppose 5*m = 4*l - 290, z*l - 142 = -2*l + 4*m. What is the units digit of l?
5
Let a = -2051 - -8312. What is the thousands digit of a?
6
Let p be 10 + ((-1)/(-4) - 120/(-32)). What is the units digit of ((-1)/(6/(-75)))/(1/p)?
5
Let i = 47058 - 23925. What is the units digit of i?
3
Let d(j) = -3*j**3 - 2*j**2 + 9*j - 7. Suppose 7 = -14*v - 105. What is the units digit of d(v)?
9
Let l(x) = -252*x + 1787. What is the units digit of l(7)?
3
Suppose -3*t = 5*w - 12031 - 14996, -18018 = -2*t - 4*w. Suppose 31*b = 10*b + t. What is the hundreds digit of b?
4
What is the thousands digit of 982300/14 - (-88)/(-77)*(-1)/(-4)?
0
Suppose q = 2*f - 19007, 8*q - 5*q - 9 = 0. What is the units digit of f?
5
Let r(d) = -d**2 + 7*d + 14. Suppose 15 = q + 7. Let f be r(q). Suppose f*h = 4 + 332. What is the tens digit of h?
5
Suppose 4890 = -80*q + 82*q. What is the tens digit of q?
4
Suppose 68*z - 40*z - 11508 = 0. What is the units digit of z?
1
Suppose -5*q - 2*f + 37662 = 0, 5*f = 8*q - 5*q - 22622. What is the units digit of q?
4
Suppose 3*g + 27 = 4*w, -5 = 5*g + 4*w + 8. Let l be (1 - 2)/(g/370). Let n = -44 + l. What is the units digit of n?
0
What is the units digit of 15 + -2 + 5 + 4108?
6
Let j = 17 + -55. Let o = -38 - j. Suppose 9*r - 3*r - 1188 = o. What is the hundreds digit of r?
1
Let t(w) = 217*w - 2. Let u be t(2). Suppose 14*n - 84 = 2*n. Suppose n*k = -k + u. What is the units digit of k?
4
Let s(c) = 20 + 5*c**2 - 3*c + 4*c + 8*c**3 - 21*c**3 + 4*c. What is the hundreds digit of s(-5)?
7
Let i(o) be the second derivative of -o**3/6 + 13*o**2/2 + 13*o. Let s be i(7). Suppose 0 = 3*c + 3*d - 177, 4*d + 106 = 2*c - s. What is the tens digit of c?
5
Let q be 3 + 3 + (1 - 5). Suppose 2*l - 4*r - 78 = -r, q*l + r = 70. What is the tens digit of l?
3
Let x(t) = 37*t + 19. Let j be x(3). Suppose 2*y - 2*o - 64 = -0*o, j = 4*y - 2*o. What is the units digit of y?
3
What is the units digit of (-153145)/(-14) + 10/(-2380)*-17?
9
Let k be 123 - 4 - (-1)/(-1). Let n = -196 + k. What is the tens digit of ((-21)/(-6) - 4)*n?
3
Suppose 10992 = -400*j + 404*j. What is the tens digit of j?
4
Let i(x) = x**3 - 4*x**2 - 4*x + 5. Let o be i(4). Suppose -2*r + 37 = -z, z = 3*r + 5*z - 72. Let s = o + r. What is the units digit of s?
9
Let r = -6666 - -24565. What is the ten thousands digit of r?
1
Suppose 5*a - 4*u + 3*u - 1764 = 0, -3*a - 2*u + 1061 = 0. Suppose 6*q + a = 7*q. Let x = q + -184. What is the tens digit of x?
6
Let a = -10581 - -26480. What is the ten thousands digit of a?
1
Suppose -3*m + 25420 = 3*d - 7*m, 0 = 5*d + 2*m - 42332. What is the thousands digit of d?
8
Suppose 0 = -d + w + 1925, 5*w - 2*w = 5*d - 9623. Let m = d + -1145. What is the tens digit of m?
7
Suppose 0 = 29*d + 45*d + 221103 - 1535047. What is the thousands digit of d?
7
Let r be -2*4/6*21. Let v(k) = -15*k - 44. What is the tens digit of v(r)?
7
Suppose n + 321 = 19*z - 16*z, 1622 = -5*n - 2*z. Let b(c) = -c**3 - c + 566. Let s be b(0). Let v = s + n. What is the hundreds digit of v?
2
What is the units digit of (29/(-2)*-295)/(5 + (-144)/32)?
5
Let u(f) = 8*f**2 + 9*f + 31. Let h be u(-6). Let o = 193 - 188. Suppose -o*t - h = -1125. What is the hundreds digit of t?
1
Suppose 1314 + 3204 = 9*c. What is the units digit of c?
2
Suppose -y = 2*c + 69, -y - 377 = 4*y + 2*c. Suppose 38*p + 24 = 34*p. What is the units digit of -1*1 - (y + p)?
2
Suppose -105 + 129 = 4*p. What is the tens digit of 15/(p + 814/(-136))?
2
Let a(s) = -s**3 + 18*s**2 + 12*s - 60. Let n be (3 - 4 - 0)*-14. What is the units digit of a(n)?
2
Let v = -569 + 949. Suppose 235 = 5*o - v. What is the tens digit of o?
2
Suppose -a = 3, -2*a + 3*a = 2*p - 363. Suppose 0 = -5*z - 25, 2*x - 5*z + 3*z = p. What is the units digit of x?
5
Suppose -10*h + 3360 = 2*h. Suppose -h - 248 = -11*b. Suppose -b - 292 = -5*j. What is the tens digit of j?
6
Suppose l + 2*m - 9 = -1, -3*l = 2*m - 8. Suppose 11 = -2*p - 5*n, l = 3*p + n - 3*n + 26. Let r(d) = -d**3 - 7*d**2 - 2*d + 22. What is the tens digit of r(p)?
0
Suppose 5*q = 5*h - 7370, 0 = -3*h + 2*h - 4*q + 1504. What is the units digit of h?
0
Suppose 4*j -